.
5
Evaluate (-117 - -105) + 27 + 1.
16
What is (-2 - (3 - 7)) + -19?
-17
What is the value of 0 + -38 + 54 + -68 + (6 - -12)?
-34
-5 - (-1 - (4 + (7 - 0)))
7
What is the value of 2 + -13 + (212 - 196)?
5
What is the value of 29 + -1 - (-30 - (-42 + 2))?
18
Calculate 1 + (-6 - -19) + -23 - (-1 - -9).
-17
Evaluate -22 - (17 + -36 - -14).
-17
Evaluate 10 - (16 + -2 + 1).
-5
What is the value of -36 + 61 - (15 + 11)?
-1
What is the value of 8 + 2 + -8 + 15 + -16?
1
Evaluate -3 + -42 + (-361 - -386).
-20
Evaluate 2 + -6 + (14 - -4) + -15.
-1
Calculate (-26 - -8) + -56 + 60.
-14
Evaluate -21 + 16 + 6 + -1 - 2 - 3.
-5
3 - (-5 + 6) - (-3 - -8 - -3)
-6
What is the value of (14 - 2) + -17 - -12?
7
What is 20 + (-8 - (-2 - -1)) + -1 + 3?
15
What is -6 + (2 + -6 - 6 - -1 - 0)?
-15
Calculate 7 + (2 - 1 - 38) + (23 - 22).
-29
What is the value of 12 - 6 - (-12 - 1 - (9 + -13))?
15
36 + -25 - (4 + 1)
6
What is the value of -1 - 13 - -7 - 5?
-12
Evaluate 15 + -6 - 12 - (1 + -1) - 13.
-16
Calculate (-2 - 1) + (30 - 26) + -1 + 0.
0
What is the value of 28 + 34 + -42 - 36?
-16
What is the value of 0 - 33 - (14 - 2) - -15?
-30
(94 - 73) + -32 + 3
-8
What is -16 + (1 + -13 + 8 - 4) + 4?
-20
Calculate (3016 - 2932) + (-46 - 0).
38
-28 - -20 - ((-4 - -8) + -1)
-11
What is the value of -1 + -2 + 1 + (44 + -24 - 12)?
6
What is (20 - 33) + 9 + -24 + 5 + -3?
-26
What is the value of (-2 - 1 - -8) + 4 + -12?
-3
What is 5 - (10 - 11 - (4 - -1))?
11
(-16 - -7) + 3 + 4
-2
16 - ((-3 - -10) + 3) - (1 + 14)
-9
Calculate 18 + -5 + (2 - 1 - -2) + -3.
13
-59 + 83 + -8 + -4
12
-2 - (-2 - 5) - (-385 + 378)
12
What is the value of 1 + -2 + -7 + (8 - -21) + -10?
11
-10 - (-16 - (4 - 4 - (-10 - -18)))
-2
Calculate -17 + (15 - 7 - -3 - 4).
-10
Calculate 14 + -13 + -4 + 0 + -8 + 1.
-10
What is the value of 10 - (17 + -17 + 11)?
-1
-19 + 2 + -2 + (13 - (2 + 6))
-14
Calculate 8 + 11 - (-11 + 0 + (9 - 5)).
26
-14 + 16 + 17 + -1
18
What is (6 - (-14 - -5)) + (4 - (7 + 5))?
7
Calculate -7 - (0 + 0 + -5 + -84 + 99).
-17
Evaluate 469 + -485 + (10 - 1).
-7
Calculate 0 - (7 + -18 - -8).
3
(63 - 81) + (10 - 1)
-9
Calculate -5 - ((10 - 10) + 6).
-11
What is the value of 15 + (11 - (6 - (0 + 0)))?
20
Evaluate 1 + -22 - (-57 - (56 - 111)).
-19
Calculate -32 + -22 + 3 + 42.
-9
What is -37 - -29 - (-2 - 13)?
7
What is -9 + 2 + (11 - 3) + 0?
1
Evaluate (31 - 62) + -15 + 17.
-29
(4 - -12) + -10 + -10 + -8 + 1
-11
Evaluate (-65 - -62) + -5 + (4 - 1) + 12.
7
Evaluate -5 - 0 - -10 - 12 - 8.
-15
Evaluate 7 + (-1 - 7) + 1 + 3 - -6.
9
Evaluate -2 + (0 - -1) - (-4 + -7 + 12).
-2
Evaluate (18 - 13 - -12) + -28.
-11
What is the value of 8 + 0 + 0 - (68 + -53 + 30)?
-37
What is the value of -8 + 14 + (0 + -2 - -4 - 3)?
5
Evaluate -192 - -200 - (1 - -1).
6
What is 1 - (-6 + 35) - -9 - -3?
-16
What is the value of (-30 - -29) + (0 - 2) + 7 - -1?
5
What is the value of 22 + -30 + -1 + -3 + 26?
14
-174 - -150 - (2 + -45)
19
What is -7 - (20 + (-5 - 2))?
-20
Calculate -46 - (-160 + 97) - (-16 + 0).
33
What is the value of 12 - (-18 + 8 - 3) - (-1 + 3)?
23
What is (8 - 14) + 8 + -2 + -14 + -3?
-17
Evaluate -2 - (-7 - ((0 - -2 - 17) + 7)).
-3
-8 - -1 - (5 - (26 + -35))
-21
Evaluate (-11 - (-4 + -11)) + -9.
-5
(-13 - (-30 - -5)) + -1 + 0
11
18 - 20 - (0 - -8)
-10
Calculate 11 - (32 - 8) - -4.
-9
What is the value of 155 - 148 - (37 - (1 - -2)) - -11?
-16
What is 1 + (3 + 6 - -13) - 10?
13
What is (15 + -33 - (2 - 2 - -3)) + 7?
-14
2 + -15 + (-8 - (-14 + 7))
-14
What is the value of (10 - (-23 + 23)) + -10 + 0?
0
What is 22 + -43 + 5 + 34?
18
What is -2 + -13 + (-22 - (-34 + -24))?
21
(-1 - (-18 - -11)) + 0 - (-4 + -2)
12
-5 - (-1 + (-15 - -2 - -3) + -4)
10
What is the value of 7 + 0 + (-5 + 8 - 6 - 4)?
0
Calculate 9 + 4 - (-47 - -41).
19
What is -6 + -6 + 9 - (-8 - (-1 - 3))?
1
-24 + -3 - -16 - 1
-12
Calculate (3 - (2 - (2 + 4))) + -8.
-1
Calculate (0 + 0 - -7) + 12 + -3.
16
-16 - 0 - (-220 - -212)
-8
-3 + ((10 - 6) + -12 - -8 - -23)
20
Calculate -3 + 0 - (61 - (37 + 51)).
24
What is the value of (-1 - 8) + 20 - 5 - -1?
7
What is 10 + (4 - (0 + 9) - 0)?
5
What is -19 + 0 + -51 + (42 - 3)?
-31
Calculate -15 - (-21 - (16 - 25)).
-3
Calculate -64 - -40 - (-2 - (0 + 0)).
-22
Calculate 0 + 9 - (6 + -4 - 12).
19
10 + (-13 - -1 - (-155 + 169))
-16
What is -8 + (3 + 7 - 2) + -14 + -10?
-24
What is the value of -11 + (0 - (-5 - -2)) - -11?
3
Calculate (-20 - (14 + -14)) + (1 - -3).
-16
Calculate 66 + -72 + (-4 + 1 - 0).
-9
-24 + (11 - -3) + 8
-2
Calculate (-5 - 3) + 19 - (2 - -1 - 2).
10
Calculate 0 + 0 + (2 - (2 - (-7 + 5))).
-2
18 - -1 - (-68 - (-60 + -14))
13
Evaluate -8 + (16 - 13 - (-22 + 1)) - 7.
9
Calculate -62 + 62 + (4 - -2).
6
Evaluate 3 + (2 - -7) - (14 + -11).
9
15 - (0 - (0 + -8 + 7))
14
What is the value of 18 - ((-11 - -7) + 0 + 11)?
11
-6 + 3 - -3 - (-47 - (33 + -79))
1
Evaluate (34 - 25) + -24 - -36.
21
Calculate 13 + (-13 - (-6 + -3)) + -37.
-28
5 + (-10 - -6) + 21
22
Evaluate -13 + 1 + 22 + -24.
-14
What is the value of -4 - (1 + 13 + -5 + -29)?
16
Calculate 47 + -54 - ((-1 - -4) + -3 + -4).
-3
-4 + 3 - 0 - (17 - 10)
-8
What is -654 - -658 - (-13 - 1)?
18
Evaluate 7 + (-30 + -1 - -12).
-12
What is the value of -17 - (14 + -13 + -13)?
-5
Calculate -13 + 50 + (-15 - (1 + -1)).
22
What is the value of -18 - (-1 + (-12 - 2))?
-3
What is -30 + (18 - (-19 - -12))?
-5
Evaluate (5 + (5 - -1) - -13) + -7.
17
Evaluate -7 + (0 - (15 + -36)).
14
Evaluate -20 - (3 + -19) - 8.
-12
What is the value of -3 + (3 - (-2 + (5 - 0)) - 4)?
-7
(-4 - (5 - 0)) + 7
-2
What is 30 + -8 + -72 + 48?
-2
What is (-311 - -333) + -17 + -2?
3
Calculate 7 + (-8 + 3 - ((0 - 1) + -12)).
15
What is 5 + 15 - 40 - -15?
-5
Evaluate -1 + 27 + 100 + -125.
1
What is the value of (1 - 3) + -12 - 3 - -23?
6
What is the value of -3 + (12 - 1) + -7 + -5 + -7?
-11
What is the value of (-1 - -20) + (19 - ((-2 - -31) + -5))?
14
Calculate (-10 + 7 - -6) + 8 - 6.
5
Calculate -2 - 9 - (3 - 11) - 8.
-11
Calculate (-12 - (-14 - 2)) + (1 - -5).
10
What is the value of (-25 - -29 - (6 - -1)) + -3 + -11?
-17
What is the value of (-7 - (-2 + -6)) + -9 - -7?
-1
(6 - (11 + -10 + -2)) + -5
2
-10 + 19 + (-21 - -30) + (0 - 4)
14
What is the value of (-1 - -11) + (-14 - (13 + -5))?
-12
What is 16 + (1 - 0) - (271 - 257)?
3
What is -7 + (4 - 9) + 29 - -2?
19
21 + (-6 + -17 - -2)
0
What is the value of ((-4 - -4) + -15 - -5) + 2?
-8
-21 + (-33 + 27 + 11 + 0 - 5)
-21
(2 - 20) + 16 + 41 + -60
-21
Evaluate (24 - (64 + -21)) + 15.
-4
What is the value of 18 + (145 - 147) + -10 + -2?
4
What is -1 - (6 - 3) - (-5 - -13 - 12)?
0
What is -7 + 23 - 27 - -15?
4
Calculate 5 - 0 - (-16 + 7 - -12 - -2).
0
What is the value of 7 - (-5 - 0) - -1 - 36?
-23
What is (-122 - -111) + (-6 - 1) + -4?
-22
What is the value of (-74 - -61) + (2 - -1)?
-10
11 - (-7 + -2) - -17 - 6
31
Evaluate 7 - (-3 + 17 + 7 + -8).
-6
What is 25 + 11 - 21 - (5 - (1 + -1))?
10
What is the value of 0 + 33 + 334 + -346 + 8?
29
What is (-2 - (-14 - -26)) + (1 - -3)?
-10
Calculate 5 - (-4 - (0 - -3) - -16).
-4
What is -52 + 50 + (-2 - (16 - -5) - 4)?
-29
Calculate 0 + -9 - (1503 + -1499).
-13
What is (0 - 20) + (-24 - -23) + 9?
-12
What is (16 - (27 - 19)) + 8?
16
-56 - (5 + (-60 - -33))
-34
What is the value of 4 - (12 + -23 - -28)?
-13
What is 0 + 3 + -11 - (-2 - -2)?
-8
What is 0 - 1 - (45 - 58)?
12
Evaluate -3 + 6 + 3 + (34 + -10 - 12).
18
Evaluate 19 - (-25 - -16) - 11.
17
0 + 0 + (7 - (-1 - -2 - 2))
8
24 + -14 + (-31 - -15)
-6
2 + 1 + 5 - (-2 - -21)
-11
2 + -24 + (8 - (11 - 13))
-12
-5 + 2 + (1 - (5 + 2)) + 34
25
Calculate (0 - -5) + 37 + (-14 - 7 - -12).
33
What is -1 + (28 - (-3 - -12))?
18
What is the value of -8 - ((8 - -10) + -20)?
-6
What is 0 - (-6 - 2 - -9 - 8)?
7
Evaluate -6 - (-1 + -11 + -4 - 1).
11
What is -5 + -2 + (-4 - (10 - 2 - 8))?
-11
What is 0 - -5 - 26 - (1 + 8 + -15)?
-15
What is -12 + 4 + -2 - -2 - -12 - -12?
16
Evaluate 13 + -38 + 23 + 14.
12
(2127 - 2176) + 12 + -1 + 1
-37
What is the value of 7 + -18 + (-7 - -26)?
8
What is 3 + (4 + -9 - (-15 + 1)) + -6?
6
What is (-16 - (-9 - 22)) + (1 - -3)?
19
What is the value of (19 - 23) + -6 + 9?
-1
Calculate 63 - 48 - ((-4 - -9) + 7).
3
What is the value of (-379 - -381) + (-5 - (-1 + 3))?
-5
What is -5 - ((-1 - -9) + -11 + 3 + -14)?
9
Calculate 15